factors of 4142810459.
2663, 1555693
What are the prime factors of 320729288?
2, 11, 53, 68767
List the prime factors of 287343477.
3, 47, 226433
List the prime factors of 2249812.
2, 337, 1669
What are the prime factors of 3904438248?
2, 3, 71, 254593
What are the prime factors of 233025970?
2, 5, 17, 1370741
What are the prime factors of 69909263?
69909263
List the prime factors of 348956253.
3, 23, 1685779
What are the prime factors of 139032927?
3, 11, 41, 34253
What are the prime factors of 129100230?
2, 3, 5, 7, 22769
What are the prime factors of 89099497?
1307, 68171
What are the prime factors of 67849776?
2, 3, 471179
List the prime factors of 34101458.
2, 17050729
What are the prime factors of 76827885?
3, 5, 43, 311, 383
What are the prime factors of 88322305?
5, 17664461
List the prime factors of 22595522.
2, 19, 23, 103, 251
What are the prime factors of 1625668218?
2, 3, 227, 44207
List the prime factors of 1419405799.
7, 983, 206279
What are the prime factors of 1707553177?
11, 43, 97, 37217
List the prime factors of 88152254.
2, 59, 747053
List the prime factors of 439054142.
2, 29, 261031
What are the prime factors of 180633208?
2, 7, 41, 11239
List the prime factors of 27363980.
2, 5, 7, 195457
What are the prime factors of 14313007?
14313007
What are the prime factors of 6987155874?
2, 3, 19, 677, 90533
List the prime factors of 3675335913.
3, 31, 13173247
What are the prime factors of 244000249?
5351, 45599
What are the prime factors of 14012897?
14012897
List the prime factors of 756429364.
2, 189107341
What are the prime factors of 200476380?
2, 3, 5, 13, 31, 8291
List the prime factors of 9946310443.
643, 15468601
List the prime factors of 6970036.
2, 19, 91711
List the prime factors of 209518173.
3, 23279797
List the prime factors of 8702400448.
2, 7, 19425001
List the prime factors of 172131220.
2, 5, 31, 313, 887
What are the prime factors of 1295280971?
131, 9887641
What are the prime factors of 1020968167?
17, 31, 541, 3581
What are the prime factors of 8163854831?
11, 13339, 55639
What are the prime factors of 23086816?
2, 17, 31, 37
List the prime factors of 4369326160.
2, 5, 54616577
List the prime factors of 1899420065.
5, 31, 12254323
List the prime factors of 621701512.
2, 77712689
What are the prime factors of 38566321?
37, 1042333
List the prime factors of 112944607.
19, 173, 34361
List the prime factors of 3882457973.
3882457973
List the prime factors of 7072917.
3, 2357639
List the prime factors of 900813639.
3, 11, 27297383
List the prime factors of 824143530.
2, 3, 5, 7, 461, 8513
List the prime factors of 775068391.
775068391
List the prime factors of 3026281343.
83, 36461221
What are the prime factors of 5986214269?
7, 25657, 33331
What are the prime factors of 47018836?
2, 83, 141623
What are the prime factors of 3656390174?
2, 1828195087
What are the prime factors of 1207934247?
3, 13, 30972673
List the prime factors of 40600232.
2, 29, 139, 1259
What are the prime factors of 280691460?
2, 3, 5, 7, 74257
What are the prime factors of 23587738?
2, 17, 693757
List the prime factors of 636195785.
5, 107, 1189151
What are the prime factors of 90661456?
2, 5666341
What are the prime factors of 2284828571?
2284828571
List the prime factors of 937462741.
59, 1307, 12157
What are the prime factors of 28461940?
2, 5, 13, 109469
List the prime factors of 45515805.
3, 5, 271, 11197
List the prime factors of 50162628.
2, 3, 4180219
What are the prime factors of 549479662?
2, 103, 251, 10627
What are the prime factors of 53489655?
3, 5, 19, 73, 857
What are the prime factors of 473616593?
473616593
List the prime factors of 15865168.
2, 11, 109, 827
List the prime factors of 294430727.
9439, 31193
What are the prime factors of 66638672?
2, 4164917
List the prime factors of 64973386.
2, 32486693
What are the prime factors of 199599037?
11, 23, 211, 3739
List the prime factors of 359823750.
2, 3, 5, 11, 13, 61
List the prime factors of 22643537.
7, 462113
List the prime factors of 3581550653.
3581550653
List the prime factors of 108625667.
59, 1841113
What are the prime factors of 106754868?
2, 3, 11, 23, 3907
What are the prime factors of 477020587?
4703, 101429
List the prime factors of 41296683.
3, 97, 191, 743
What are the prime factors of 44287881?
3, 11, 419, 3203
List the prime factors of 219105034.
2, 29, 683, 5531
List the prime factors of 13022571.
3, 191, 22727
What are the prime factors of 8174230164?
2, 3, 31, 7324579
What are the prime factors of 1054919125?
5, 13, 49937
List the prime factors of 7525270562.
2, 50069, 75149
What are the prime factors of 5528700958?
2, 11, 251304589
What are the prime factors of 808395658?
2, 7, 191, 302317
List the prime factors of 139988183.
17, 8234599
What are the prime factors of 694479677?
37, 1741, 10781
What are the prime factors of 45037175?
5, 1163, 1549
List the prime factors of 333615377.
397, 840341
List the prime factors of 340652659.
340652659
What are the prime factors of 12065674?
2, 179, 33703
List the prime factors of 34763019.
3, 11587673
List the prime factors of 662216376.
2, 3, 27592349
What are the prime factors of 532527533?
17, 23, 1361963
List the prime factors of 60385766.
2, 7, 4313269
What are the prime factors of 27147992?
2, 101, 33599
List the prime factors of 120090910.
2, 5, 12009091
List the prime factors of 189460934.
2, 13, 523, 13933
List the prime factors of 2406675732.
2, 3, 11113, 18047
What are the prime factors of 2148963950?
2, 5, 7, 6139897
List the prime factors of 24357668.
2, 17, 358201
What are the prime factors of 85874982?
2, 3, 14312497
List the prime factors of 265370478.
2, 3, 31, 1426723
List the prime factors of 164920913.
164920913
What are the prime factors of 105549818?
2, 11, 53, 90523
List the prime factors of 57641077.
13, 4433929
List the prime factors of 19022651.
19022651
List the prime factors of 33350412.
2, 3, 2779201
What are the prime factors of 23554310?
2, 5, 13, 409, 443
List the prime factors of 7147849624.
2, 893481203
What are the prime factors of 54406281?
3, 18135427
What are the prime factors of 74130419?
11, 19, 41, 211
What are the prime factors of 150212768?
2, 1559, 3011
What are the prime factors of 30507370?
2, 5, 3050737
List the prime factors of 78649666.
2, 31, 43, 29501
What are the prime factors of 877952553?
3, 292650851
What are the prime factors of 45673003?
45673003
List the prime factors of 846453129.
3, 282151043
What are the prime factors of 2927324685?
3, 5, 97, 2011907
What are the prime factors of 32822594?
2, 7, 2344471
What are the prime factors of 31597534?
2, 487, 32441
List the prime factors of 5564200.
2, 5, 43, 647
What are the prime factors of 829100957?
829100957
List the prime factors of 151288902.
2, 3, 8404939
List the prime factors of 6280429.
17, 571, 647
List the prime factors of 2301488773.
5813, 395921
What are the prime factors of 3494271070?
2, 5, 4051, 86257
List the prime factors of 449089406.
2, 4021, 55843
What are the prime factors of 15450643?
13, 1188511
List the prime factors of 103426227.
3, 1276867
List the prime factors of 8496970.
2, 5, 211, 4027
List the prime factors of 31751346.
2, 3, 11, 29, 53, 313
What are the prime factors of 2433183491?
19, 29, 4415941
What are the prime factors of 1480463309?
13, 17, 971, 6899
What are the prime factors of 382277527?
223, 331, 5179
List the prime factors of 257498134.
2, 29, 229, 19387
What are the prime factors of 2427420646?
2, 7, 157, 1104377
List the prime factors of 188512428.
2, 3, 13, 1208413
List the prime factors of 384882250.
2, 5, 43, 35803
What are the prime factors of 242460044?
2, 6997, 8663
What are the prime factors of 53937613?
31, 67, 25969
List the prime factors of 118774497.
3, 39591499
List the prime factors of 441737479.
19, 491, 47351
List the prime factors of 33080787.
3, 557, 6599
What are the prime factors of 3237212427?
3, 1079070809
List the prime factors of 1191477309.
3, 11, 36105373
List the prime factors of 1292181448.
2, 161522681
What are the prime factors of 3544491671?
7, 31, 1783, 9161
What are the prime factors of 27217743?
3, 7, 277, 4679
What are the prime factors of 5686851574?
2, 47, 967, 62563
What are the prime factors of 67087143?
3, 457, 5437
List